 8*b - 2. Let o be j(-8). Let h(g) = 18*g - 20. Let i(v) = -16*v + 17. Let d(a) = -5*h(a) - 6*i(a). What is d(o)?
-14
Let a(d) = 20*d - 140. Let b be a(10). Suppose b*z - 13*z - 188 = 0. Let t(k) = -3*k + 3. Determine t(z).
-9
Let u(n) = -9*n + 43. Let t = -4049 + 4058. Give u(t).
-38
Let j(x) be the second derivative of -28*x**3/3 + 395*x**2/2 - 2*x + 873. Determine j(7).
3
Suppose 4*z + 10 = -6. Let j be ((-2500)/(-30))/(0 - z/6). Let n(s) = -119 + 5*s**3 + 4*s**2 + j - 4*s**3 - 5*s. Give n(-5).
6
Let o be (-33)/(-44)*(-16)/(-6). Let y(f) = 81 - 52 + 15*f + 3*f**2 - o*f**2. Let q be y(-13). Let i(r) = -r**3 + 5*r**2 - 4*r + 1. Calculate i(q).
7
Suppose 44 = 4*t - 4*p, -5*t + 17 + 14 = p. Let c(u) = u**2 - 2*u + 12 - 4 - 6 - t + 2. What is c(7)?
32
Let y(z) = -z - 3. Suppose -29*m - 6586 - 1534 = 0. Let a = 268 + m. Determine y(a).
9
Let h(s) be the second derivative of 1/3*s**3 + 5/2*s**2 + 3*s - 5. Calculate h(4).
13
Let f(b) = -38*b + 4*b**2 - 5*b**2 + 56*b - 39. Let d be f(3). Let z(q) = q**2 - q + 8. What is z(d)?
38
Suppose -2*b - 478 = -9*d + 4*d, 3*d - 474 = 2*b. Let l = 230 + b. Let p(h) = 2*h + 6. What is p(l)?
-2
Let y be (7 - 14) + (-637)/(-49). Let o(f) = -113*f + 671. Calculate o(y).
-7
Let c(m) = m**2 + 7*m - 17. Let g = 732 - 731. Suppose -2*d + g = o, -o + d - 29 = -3*d. Give c(o).
1
Let v(w) = 27*w + 17. Let g = -21051 - -21048. What is v(g)?
-64
Let u(l) = -4*l**2 + 168*l + 342. Let n be u(-2). Let d(p) = 4*p + 31. Calculate d(n).
-9
Let c(g) = -2*g**2 + 6*g + 3. Let a = -19543 + 19548. Give c(a).
-17
Let w(i) = 4*i + 10. Let z(j) = -j**3 - 25*j**2 - 16*j + 192. Let n be z(-24). Determine w(n).
10
Let b(p) = -40*p + 4. Let c be b(0). Let u(q) = q - 23 + 20 - 3*q. Give u(c).
-11
Suppose -i - 118 + 453 = 0. Let a = i + -336. Let f(k) = k**2 - 2 - 3*k**3 + 2 - 1. What is f(a)?
3
Let b(k) = k**3 + 20*k**2 + 17*k - 23. Let d be b(-19). Suppose -d*q + 19*q = 0. Let f(s) be the second derivative of s**5/20 + 10*s**2 - s. Give f(q).
20
Let f(v) = -v**3 + 14*v**2 - 28*v - 5. Let b(a) = -a**3 + 13*a**2 - 25*a - 2. Let i(d) = 4*b(d) - 3*f(d). Give i(8).
7
Suppose 3*d = -9*o + 99, -3*d - 22*o = -24*o - 11. Let k(w) = -w**2 + 16*w - 61. Determine k(d).
2
Let a be -3 + (-335)/(-115) + (-19527)/529. Let x(c) = c**3 + 36*c**2 - 39*c - 68. Calculate x(a).
6
Let q(l) be the first derivative of 27*l**2/2 - 20*l + 1857. Calculate q(1).
7
Let u(d) be the third derivative of -2/3*d**3 - 1/60*d**5 - 1/3*d**4 + 0 + 0*d + 38*d**2. Suppose 2*v = 2 - 8. Determine u(v).
11
Let q(y) = -y**3 - 4*y**2 + 5*y - 4. Suppose -4*i = -5*h - 76, -2*i = -5*i - 3. Let w = -14 - h. Suppose -3*a - 20 = -l, w*a - 2*l + 3*l = -5. Determine q(a).
-4
Let b(v) = -6*v**3 + 3*v**2 - v - 1. Let a be -458 + -5 + 5 + 6. Let w = 454 + a. Give b(w).
-39
Let l(n) = n**3 - 6*n**2 - 15*n - 5. Let s be l(8). Let x(u) = 5*u + s*u - 4*u + 3. Let q(o) = -o**2 - 40*o - 338. Let v be q(-12). Determine x(v).
-5
Let n(h) be the first derivative of 46*h**3/3 - 29*h**2/2 - h + 5322. Calculate n(1).
16
Let s(f) = 1 - 245*f - 4*f**2 - 2*f**2 - 5*f**2 - 214*f + 474*f. Calculate s(2).
-13
Suppose -61*k - 260 = 4*k. Let y(h) = -3*h + 1 - 2*h**2 + h**2 + h. Determine y(k).
-7
Let r(u) be the third derivative of -u**7/2520 + u**6/180 - u**5/24 - 14*u**4/3 + u**3/3 - 122*u**2. Let o(z) be the second derivative of r(z). What is o(5)?
-10
Suppose 0 = -3*h + 182 + 274. Let s(r) = 10*r**2 - 149*r + 452*r - 6 + 2*r**3 - h*r - 151*r. Determine s(-5).
-6
Let f(a) = -16*a + 18. Let w = 4427 - 4425. Calculate f(w).
-14
Suppose -277*p + 268*p = -45. Let b(f) = 2*f**2 + 12*f - 7. Let q(t) = -5*t**2 - 35*t + 21. Let n(o) = -8*b(o) - 3*q(o). Give n(p).
13
Let h(p) = p + p**3 + 3 + 4*p**2 + p + 0*p. Let f = 219 + -216. Let s be (-1)/(f/(-2))*108/(-24). What is h(s)?
6
Let q(b) = 4*b**2 + 152*b - 4. Suppose 85*u = u - 3192. Give q(u).
-4
Let z = 37 - 35. Let u be (5/z)/(5/(-20)). Let i(a) = a + 13. Let o be i(u). Let h(y) = -6*y + 2. What is h(o)?
-16
Suppose 0 = -3*r + r + 570. Let j = r - 288. Let y(o) = -3*o - o + 0*o. Give y(j).
12
Let r(y) = 75 - 20 - 12*y - 26 - 15. Determine r(2).
-10
Let k(y) = y**3 + 32*y**2 + 20*y - 37*y - 55 + 35*y + 27*y + 40*y. What is k(-29)?
3
Let d(y) = -79 - 1064275*y + 1064257*y - 94. Give d(-10).
7
Let l = -107 - -110. Let b be (3 + (1 - l))/(35 + -36). Let s(c) = -28*c. Determine s(b).
28
Let k(w) = 235*w - 80*w + 13 - 75*w - 78*w. Let j(a) = 3*a**2 - 42*a - 6. Let u be j(14). Give k(u).
1
Suppose 4*j = 5*i + 20, -i - 5*j = -7*j + 4. Let z(k) be the third derivative of -k**6/120 - k**5/20 + k**4/4 + 2*k**3/3 - 25*k**2. Calculate z(i).
-4
Let j(b) = -43574*b**2 + b + 43575*b**2 - b**3 + 4 - 2*b. Give j(2).
-2
Suppose -4*l = -2*x + l + 7, -5*x + 34 = 4*l. Let v(j) = 3 + 4*j - 2 + j - x*j. Let z = 7 + -7. Determine v(z).
1
Let o(p) = -6*p**2 - 3*p + 4. Suppose 0*b = 70*b + 28 - 98. Determine o(b).
-5
Let v(a) = -a**2 + 5*a - 3. Suppose 0 = 276*p - 278*p - 60. Let u = p - -33. What is v(u)?
3
Let n(i) be the third derivative of -i**6/720 - i**5/8 - i**4/6 - 62*i**2. Let m(r) be the second derivative of n(r). Calculate m(-16).
1
Let b be (-152)/(-57) - (-1)/3. Let u(p) = -6 - 5*p**2 - 5*p - b*p**3 + 2 + 9 + 2*p**3. Give u(-5).
30
Let o be (-1060)/(-130) + 3/117*-6. Let p(g) = 4*g**3 + 13*g**2 + 3*g + 7. Let z(y) = -y**3 - y**2 - y + 1. Let s(v) = -p(v) - 5*z(v). What is s(o)?
4
Let a(f) = f**2 - 8*f + 3. Let s be a(7). Let u be ((-6)/s*-4)/1. Let n(h) = 1060*h + 14. Let k(m) = 4593*m + 60. Let w(q) = 3*k(q) - 13*n(q). Give w(u).
4
Suppose 64 = -125*l + 707 + 232. Let f(x) = x**2 - 14*x + 70. Calculate f(l).
21
Let q(b) = b**3 + 20*b**2 - 2*b - 43. Suppose -45*f = -69*f - 353 - 127. Determine q(f).
-3
Let t(r) = r**2 - 6*r + 1. Let k(g) = 4*g**3 - g**2 + 2*g - 1. Let i be k(1). Suppose -i*d + 24 = -2*d. Suppose 18 = 5*w - d. What is t(w)?
1
Let l(h) = -3*h - 5. Suppose -25*t - 43 + 393 = 0. Suppose -75 = t*x + x. Calculate l(x).
10
Let p(x) be the second derivative of x**5/60 - x**4/6 - 4*x**3/3 + 111*x**2/2 + 125*x. Let r(k) be the first derivative of p(k). Determine r(7).
13
Suppose 0 = 10*n - 309 - 71. Suppose -4*f = -16, 7*r - n = 4*r - 5*f. Let w(m) = m. Let q(x) = -7*x. Let o(b) = r*w(b) + q(b). What is o(-2)?
2
Suppose -41*p + 23 = x - 36*p, 3*x = -2*p + 17. Let j(z) = -z**3 + 5*z - 4. Calculate j(x).
-16
Let a(v) = 4*v + 62. Suppose -5*z + 3*x + 25 = -7*z, -3*x = -3. Let f be a(z). Let o(q) = -2*q**3 + q**3 + 2*q**2 - 3*q**2 - 9 + 5*q + 6*q**2. Calculate o(f).
-15
Let s(d) = -52*d + 4*d**2 + 16*d + 22*d - 5*d**2 + 16*d - 15. What is s(3)?
-18
Suppose -2*t - 73 = -218*m + 221*m, 0 = -4*t + 2*m - 170. Let r(z) = -z**3 - 40*z**2 + 42*z + 27. Calculate r(t).
-14
Let j(k) = 15*k**3 + k. Let t(w) = -3*w - 2*w - 11 + 6 - 21. Let p be ((-3)/30*-5)/((-2)/20). Let n be t(p). What is j(n)?
-16
Let y be (-4 - -9 - 0) + (2 - 4). Let t(o) = -9*o + 6 + 5*o + y*o. Calculate t(8).
-2
Suppose -17*b = -20*b - 15. Let a(z) = -z + 19. Let r(w) = w - 9. Let n(l) = b*r(l) - 3*a(l). Let t(i) = -i**3 - 4*i**2 - 6*i - 33. Let d be t(-4). Give n(d).
6
Let i(q) = q + 4. Let j(o) = -2*o - 1. Let l(z) = -i(z) - 2*j(z). Let f be -5 + -1*(-9)/3. Calculate l(f).
-8
Suppose 62*x - 195*x - 2857 = -862. Let a(d) = -d**3 - 15*d**2 + 2*d - 29. Determine a(x).
-59
Let t(n) be the first derivative of n**4/4 + 5*n**3/3 - 12*n**2 + 10*n - 2662. Give t(-8).
10
Suppose -w = g + 1, -2*g - 196 = -4*w - 182. Let o(i) = -3*i**2 + 9*i + 15. What is o(g)?
-39
Let v(z) be the first derivative of 40*z**2 - z + 1208. Give v(1).
79
Let w(z) = 14*z + 6. Suppose -1787 + 1807 = 20*a. What is w(a)?
20
Let t(d) = -29*d**2 + 3 - 3*d + 9*d + 27*d**2. Let m be t(3). Let c(a) = -5*a + 10*a + a**2 - 7*a - 1. What is c(m)?
2
Let s(v) be the first derivative of v**3 + 7*v**2/2 - 4*v + 5835. Determine s(-6).
62
Let b(c) = -30*c. Let m(k) = -45*k + 27. Let n be m(-4). Let i = 208 - n. Determine b(i).
-30
Suppose -4*v + 2*v - 82 = 0. Let p(q) = 12*q**2 + 47*q - 96. Let z be p(2). Let k = z + v. Let l(s) = -s**2 + 2*s - 7. Determine l(k).
-22
Let r(w) = 4*w**3 + 6*w**2 - w - 6. Let f(o) = o**3 + 2*o**2 + 3*o - 1. Let b(d) = 3*f(d) - r(d). What is b(-4)?
27
Let c(l) = -l**2 - l. Let m(o) = -6*o**2 + 2*o. Let d = 48 - 45. Suppose -4*z + d =